se -5*x - 3 = -2*w, -6 = -2*w + 4*x - 2. Suppose -i + v = 4*l, -3*l = -7*l + w. Is i a composite number?
False
Is 1785/10*(-4)/(-6) prime?
False
Is (4990/15)/((-24)/(-9) - 2) a composite number?
False
Let m(f) = 76*f + 4. Let x be m(2). Suppose -x = -2*d - 2*d. Is d a composite number?
True
Suppose 2*b + 0*b = 212. Is b prime?
False
Is 59058/66 - (8/(-44) + 0) a prime number?
False
Suppose 2074 = -5*d + 2*z + 11861, 0 = 2*d - 3*z - 3917. Is d a composite number?
True
Let r(k) = -k**3 + 7*k**2 - 5*k - 2. Let z be r(6). Suppose -8 - z = -3*w. Is (w - 3)*(96 + 1) a prime number?
True
Let v(p) = -p**3 + 20*p**2 - 14*p - 8. Is v(15) composite?
False
Let n(t) be the third derivative of t**2 + 7/3*t**3 + 0 - 1/24*t**4 + 0*t. Is n(0) a composite number?
True
Suppose 4*p + 0*p + 3*d - 21 = 0, 0 = -5*d + 15. Suppose 3 = p*t - 6. Suppose -t*n = 4*c - 169, -4*c = 1 + 7. Is n composite?
False
Suppose 3*s - 29 = 5*r, -s + 6*s = -5*r + 75. Suppose -2*k + s = -9. Is k prime?
True
Let d(v) = 2*v**2 + 3*v. Let w be d(-2). Let r(q) = 20 - 21 + 5*q + 2*q. Is r(w) prime?
True
Let q be 3*((-6)/(-9) - 2). Let s(j) = -j - 2. Let g be s(q). Suppose -g*y + 113 = -y. Is y a prime number?
True
Let r(s) = s**2 + 4*s - 7. Let a be r(-5). Let j(x) be the first derivative of -3*x**4/4 - x**3 - 3*x**2/2 - 3*x + 1. Is j(a) prime?
False
Suppose b - 5*o = -0*o + 26, 2*b + 5*o - 112 = 0. Is b a composite number?
True
Let l be (-78)/(-9) - (-4)/12. Suppose l = 2*h + w - 82, -2*w = -4*h + 194. Is h composite?
False
Let b(a) = -5*a**2 - 3*a - 2 + 4*a**2 + 1 - 4*a. Let c be b(-6). Suppose 0 = 4*w - 5*y + 4*y - 217, 5*w = c*y + 290. Is w prime?
True
Suppose -4*l + 543 = -w - 516, -3*w = 5*l - 1328. Is l a prime number?
False
Let s be (27/(-36))/(2/48). Let y = -3 - s. Is y a composite number?
True
Let q(f) = 15*f**2 - 5. Let c be q(4). Suppose -5*v + c = -0*v. Is v composite?
False
Let a(l) = -3*l + 1. Let h = -8 + 15. Let w = h - 17. Is a(w) prime?
True
Let r(m) = m**2 + 9*m + 10. Let q be r(-8). Let d be 6 + (q - -2) + -2. Let x = d - -3. Is x prime?
True
Suppose -4*a = 8 - 220. Is a composite?
False
Let c = 1560 - 389. Is c a prime number?
True
Let d = -25 + 27. Suppose -94 = -3*f - 5*r, -3*f + d*r = -0*f - 101. Is f prime?
False
Suppose 0 = -4*j - 2 - 10. Let h = j + 7. Is h a composite number?
True
Let g(d) be the second derivative of -61*d**3/6 - 3*d**2/2 + 4*d. Is g(-8) a prime number?
False
Suppose 2*y - 199 = -5*c, -5*y + 460 = 4*c + c. Is y composite?
True
Let o = 2 - 4. Is 256 - (o + -4)/2 a composite number?
True
Suppose -3*v = 2*v + 5. Is 307/((-1 + v)/(-2)) composite?
False
Suppose -22786 = -9*a + 6653. Is a a prime number?
True
Suppose 0*s - 9 = -3*s. Suppose -127 - 146 = -s*a. Is a a prime number?
False
Let a be 893 - 1/(-1 + 2). Suppose -4*n = -5*n - a. Is (-4)/(-18) - n/36 composite?
True
Suppose -40 = -2*y - 3*a + 118, 4*y - 5*a - 316 = 0. Is y composite?
False
Let a be (-3 + 6)*-1 + 3. Is (-55 + a)*9/(-15) a composite number?
True
Suppose 2*n + n + 570 = 0. Let d = n + 393. Suppose y - 95 + 11 = m, -2*y = 5*m - d. Is y a prime number?
True
Let m be 5/(30/(-14))*-51. Suppose 5*k - 20 = 0, -v - 5*k + m = 30. Is v a prime number?
False
Let s be (-3 - -2)*-2*2. Let k = s + -2. Suppose -260 = -2*j - k*j. Is j composite?
True
Suppose 2*t - t = 0, -2*p = 4*t - 1382. Is p prime?
True
Suppose 3*g - 8 = 4. Suppose 0 = l - g*l + 12. Is ((-16)/(-24))/(l/2238) prime?
True
Let c = 142 - 65. Is c composite?
True
Suppose 2021 + 4309 = 6*y. Is y composite?
True
Let d(c) = c**2 + 3*c + 4. Let v = 0 + -3. Let y be d(v). Suppose -3*z + 363 = -g - g, 0 = -y*z - 4*g + 464. Is z composite?
True
Suppose 7*n + 35 = 3*v + 2*n, -4*v + 3*n = -43. Suppose 0 = -3*k, -v + 1 = -3*o - k. Suppose o*p - 64 = -2*h + 26, -3*h - 2*p = -125. Is h a composite number?
True
Let w be ((-2)/8)/((-6)/24). Is w/((-3)/(-573) + 0) prime?
True
Suppose 5*n = v - 54 - 212, -4*v = 4*n - 992. Is v composite?
False
Let n be 12/(-10)*20/(-6). Let a(t) = 68*t - 3. Let j(s) = -23*s + 1. Let b(y) = 6*a(y) + 17*j(y). Is b(n) a prime number?
True
Let k = -1795 - -3786. Is k composite?
True
Let o(v) = -v**3 + 7*v**2 - v + 9. Let c be o(7). Let r be (c/5)/(1/5). Suppose 3*p = -2*l + 15, 2*l + 28 = r*p + 68. Is l prime?
False
Let o(v) = -4*v**3 - v - 1. Let h be o(-1). Suppose h*s = -k + 39, 0 = -5*k - 6 + 1. Is s a prime number?
False
Suppose -6 = v - 5*s - 21, -2*v + 5*s = -15. Suppose v = 4*k - 4 + 8, 3*k = -c - 3. Suppose 2*d - d - 4*p = 85, 3*p = c. Is d composite?
True
Let q(d) = 21*d**3 + d**2. Let s(m) = m**2 - m + 1. Let n be s(1). Is q(n) a composite number?
True
Let p be -1 + (-1 - 350)/(-3). Suppose h - p + 1 = 0. Is h a composite number?
True
Suppose -10 = 6*h - 772. Is h composite?
False
Suppose -1 = -2*b - 5. Is (67/4)/(b/(-8)) prime?
True
Suppose 2*j - 4*j = -1632. Let o = -583 + j. Is o a prime number?
True
Suppose 0 = 5*u - 4*u + s - 1849, -4*s = -4*u + 7380. Is u composite?
False
Let r(l) = -5*l**3 - l - 1. Let a be r(-1). Suppose -211 = -a*z - 5*u - 41, z - 3*u = 46. Is z a prime number?
True
Suppose -451 = 2*c - n - 6084, 3*c + 2*n = 8439. Is c prime?
False
Let a(x) = 2*x**2 - 13*x - 2. Suppose 6*i = 3*i + 27. Is a(i) prime?
True
Suppose -4*y + 228 = -a, -y - 3*a + 69 = -1. Is (-1)/(2/6) + y composite?
True
Let g(b) = 478*b - 5. Is g(1) a prime number?
False
Let y = -370 + 571. Is y composite?
True
Let n be 1/4 - 30/(-8). Suppose -3*c + n*l - 572 = -215, -3*c + 3*l - 360 = 0. Let x = -46 - c. Is x a composite number?
True
Let r = 310 - -211. Is r a composite number?
False
Suppose -17 = -3*x + 13. Let y = x + -7. Let h(c) = -c**3 + 6*c**2 + 4*c - 4. Is h(y) prime?
False
Let m(w) be the third derivative of -w**5/60 + 43*w**3/6 + 2*w**2. Is m(0) composite?
False
Suppose 0 = 4*w + 3*w - 2954. Is w prime?
False
Suppose 5*l - 23 = t, 3*l - 4 = l + 3*t. Suppose 0*i + 5*i = -4*r + 153, i - l*r = 48. Is i prime?
False
Let n = 91 + -68. Is n a composite number?
False
Suppose 5*k + 5*z - 695 = 0, 2*k + z = -3*z + 274. Suppose 4*h = 3*h + k. Is h prime?
False
Is 2498/8*-1*(4 + -8) a prime number?
True
Is 4986/8 + (-6)/24 composite?
True
Let r be 1/(-3) - 1271/3. Let v = 1295 + r. Is v prime?
False
Let u(r) = r**2 - 5*r + 27. Let o(g) = g**2 - 6*g + 28. Let l(k) = -4*o(k) + 5*u(k). Suppose 0 = 4*y - 0*y. Is l(y) composite?
False
Let g(b) = b**2 - 5*b + 7. Let z be g(4). Suppose -z*m - q + 563 = 0, -q + 750 = 7*m - 3*m. Is m composite?
True
Let v(z) = z**3 + 5*z**2 - z + 1. Let t = -9 + 5. Is v(t) composite?
True
Let w = -3 + 6. Suppose 2*r = -x + 7, -4*x + w*r + 55 = -6. Let z = 47 - x. Is z prime?
False
Let y(s) = s**2 - s. Let o(d) = -4*d**2 + 7*d - 4. Let r be 6/(-4) - (-4)/(-8). Let t(n) = r*y(n) - o(n). Is t(-5) a prime number?
True
Suppose 0 = 4*j - 6969 + 1621. Is j prime?
False
Is (-1368)/(-45) + 3/5 composite?
False
Let c(f) = -f**3 + 8*f**2 - 3*f - 3. Let g = -7 + 9. Suppose i + 4*s = -g, -i + s - 1 = -9. Is c(i) prime?
False
Suppose -8*d = d - 2007. Is d a prime number?
True
Let j = 10 + -7. Suppose -j*d - 52 = -5*d. Is d a prime number?
False
Let h(g) = 3*g - 1. Let c be h(1). Let m be 3 - 1 - (c - 3). Suppose 3*n - 5*j - 244 = -0*n, m*n - 253 = -4*j. Is n a composite number?
False
Let f(w) = w**3 - 7*w**2 + 8*w - 4. Let q be f(6). Let j = q + -3. Suppose -2*o + 15 = j*h - 16, -2*o + h = -1. Is o composite?
False
Suppose 10*g = 5*g + 3525. Let l = g + -224. Is l a prime number?
False
Let c = 4 - -2. Let d be c/(-27) - (-2)/9. Suppose -5*u + 4*u + 19 = d. Is u composite?
False
Let o(s) = -s**3 - 5*s**2 - 3*s. Let d be o(-4). Is d*(238/(-8) + -2) composite?
False
Suppose -5*p + 20 = -0*p. Suppose i = p*i - 87. Let x = 60 - i. Is x prime?
True
Let b(f) = 8*f + 2 + 2 - 17*f + 16*f. Is b(7) prime?
True
Let b(a) = -a**3 + 2*a**2 - 9*a + 9. Suppose -10 = -5*z + 20. Let m be b(z). Is (1 - m)*(-4)/(-8) prime?
False
Let y = -255 + 472. Is y a composite number?
True
Is 194 + (4 - (5 + 2)) composite?
False
Suppose 4*c - 5 = -5*y + 20, 4*y = 3*c + 20. Let h(r) = 23 + 5*r - 4*r**2 + 5*r**2 - 5*r. Is h(c) composite?
False
Suppose -4*m + 9*m = 1765. Is m prime?
True
Let c(a) = 97*a**2 - 8*a - 5. Is c(8) composite?
True
Let n be -3 + 4 + (-2)/(-2). Let g = 6 - n. Suppose 42 = -2*a + 4*a - g*k, -4*a + 108 = 4*k. Is a a 